 the thousands digit of 37029530?
9
What is the thousands digit of 440051799?
1
What is the hundred thousands digit of 2666142817?
1
What is the hundred millions digit of 289751187?
2
What is the hundreds digit of 2525973022?
0
What is the tens digit of 3220611569?
6
What is the ten thousands digit of 155689794?
8
What is the units digit of 54470666?
6
What is the ten millions digit of 1102315036?
0
What is the tens digit of 173258150?
5
What is the hundred millions digit of 477766885?
4
What is the tens digit of 1168926383?
8
What is the tens digit of 320827376?
7
What is the tens digit of 2724270341?
4
What is the ten thousands digit of 91024527?
2
What is the thousands digit of 157706632?
6
What is the ten millions digit of 33366817?
3
What is the tens digit of 32495254?
5
What is the millions digit of 66441479?
6
What is the thousands digit of 43063632?
3
What is the units digit of 10416277?
7
What is the hundreds digit of 122604624?
6
What is the thousands digit of 293986234?
6
What is the tens digit of 735300264?
6
What is the units digit of 2282237929?
9
What is the hundred millions digit of 425096193?
4
What is the hundred millions digit of 335877864?
3
What is the ten millions digit of 1254760882?
5
What is the ten millions digit of 2648822630?
4
What is the billions digit of 1247211466?
1
What is the ten millions digit of 78881614?
7
What is the hundred millions digit of 220926952?
2
What is the ten thousands digit of 1462836626?
3
What is the ten millions digit of 311496912?
1
What is the ten thousands digit of 284886883?
8
What is the hundred thousands digit of 752172201?
1
What is the units digit of 293040141?
1
What is the thousands digit of 127280677?
0
What is the hundred millions digit of 285951505?
2
What is the units digit of 3737994806?
6
What is the ten thousands digit of 241820256?
2
What is the thousands digit of 540675110?
5
What is the hundreds digit of 1750494410?
4
What is the millions digit of 45318074?
5
What is the ten millions digit of 44227891?
4
What is the ten thousands digit of 210014317?
1
What is the tens digit of 510035815?
1
What is the ten millions digit of 13239043?
1
What is the millions digit of 43446726?
3
What is the ten thousands digit of 136247295?
4
What is the hundred millions digit of 2874908412?
8
What is the thousands digit of 1719295252?
5
What is the tens digit of 1661171181?
8
What is the hundreds digit of 652828816?
8
What is the thousands digit of 2618208522?
8
What is the hundred thousands digit of 85236696?
2
What is the hundreds digit of 1828807344?
3
What is the millions digit of 237889783?
7
What is the ten thousands digit of 169988535?
8
What is the thousands digit of 109153999?
3
What is the millions digit of 5249809452?
9
What is the ten millions digit of 667679243?
6
What is the ten millions digit of 170866926?
7
What is the units digit of 294839428?
8
What is the ten millions digit of 187935710?
8
What is the hundred thousands digit of 60881107?
8
What is the hundreds digit of 630807124?
1
What is the ten millions digit of 38345074?
3
What is the ten millions digit of 129967876?
2
What is the billions digit of 5897256152?
5
What is the tens digit of 655424786?
8
What is the hundred thousands digit of 2523821643?
8
What is the millions digit of 4735587036?
5
What is the units digit of 50970964?
4
What is the tens digit of 24463664?
6
What is the ten thousands digit of 205064950?
6
What is the ten thousands digit of 444363256?
6
What is the ten thousands digit of 1186666413?
6
What is the units digit of 31642085?
5
What is the millions digit of 144963185?
4
What is the hundred thousands digit of 52693165?
6
What is the thousands digit of 1558649100?
9
What is the hundreds digit of 4478596625?
6
What is the hundred thousands digit of 1359883741?
8
What is the units digit of 7798766?
6
What is the billions digit of 2071433956?
2
What is the tens digit of 369939270?
7
What is the hundred thousands digit of 38493393?
4
What is the hundreds digit of 69281198?
1
What is the hundred thousands digit of 3849791122?
7
What is the hundreds digit of 2074313094?
0
What is the ten millions digit of 225737632?
2
What is the millions digit of 1264424642?
4
What is the ten thousands digit of 6564149?
6
What is the ten thousands digit of 7308945?
0
What is the millions digit of 18683423?
8
What is the units digit of 788363439?
9
What is the units digit of 15037042?
2
What is the tens digit of 294704967?
6
What is the hundred thousands digit of 516427601?
4
What is the units digit of 4248602311?
1
What is the hundreds digit of 16771133?
1
What is the hundred millions digit of 493047335?
4
What is the millions digit of 2275634633?
5
What is the millions digit of 54617063?
4
What is the ten thousands digit of 202574201?
7
What is the units digit of 1174460901?
1
What is the ten thousands digit of 73687702?
8
What is the ten thousands digit of 2802073766?
7
What is the units digit of 205403021?
1
What is the ten millions digit of 52444219?
5
What is the hundred thousands digit of 2406676?
4
What is the billions digit of 5296192179?
5
What is the hundred millions digit of 103046561?
1
What is the tens digit of 1932510049?
4
What is the hundred thousands digit of 43877150?
8
What is the ten millions digit of 363324700?
6
What is the millions digit of 175293605?
5
What is the hundred thousands digit of 304503983?
5
What is the thousands digit of 85620260?
0
What is the units digit of 82032386?
6
What is the ten thousands digit of 635632044?
3
What is the hundred millions digit of 3810390549?
8
What is the hundreds digit of 1103003202?
2
What is the hundred thousands digit of 184156178?
1
What is the hundred millions digit of 382106436?
3
What is the units digit of 49246229?
9
What is the tens digit of 272775551?
5
What is the units digit of 67741198?
8
What is the tens digit of 1581461095?
9
What is the millions digit of 4901108?
4
What is the hundreds digit of 179090436?
4
What is the ten millions digit of 448332399?
4
What is the millions digit of 133997552?
3
What is the hundreds digit of 1807708515?
5
What is the hundreds digit of 94372221?
2
What is the millions digit of 314803966?
4
What is the millions digit of 290685352?
0
What is the units digit of 252678328?
8
What is the ten thousands digit of 6604035059?
3
What is the units digit of 369273864?
4
What is the hundreds digit of 53586210?
2
What is the tens digit of 191620832?
3
What is the hundred millions digit of 152112843?
1
What is the units digit of 19059842?
2
What is the tens digit of 432745426?
2
What is the units digit of 596441004?
4
What is the tens digit of 108585299?
9
What is the ten thousands digit of 598722738?
2
What is the hundred thousands digit of 20291548?
2
What is the thousands digit of 27962569?
2
What is the units digit of 135093789?
9
What is the ten millions digit of 225062336?
2
What is the thousands digit of 605085154?
5
What is the hundreds digit of 551261?
2
What is the hundreds digit of 503257233?
2
What is the ten thousands digit of 108025395?
2
What is the ten thousands digit of 4428927306?
2
What is the ten millions digit of 503008611?
0
What is the millions digit of 825473709?
5
What is the millions digit of 4101505970?
1
What is the hundred millions digit of 119598348?
1
What is the hundred thousands digit of 68953173?
9
What is the hundred thousands digit of 758109335?
1
What is the ten thousands digit of 5139238?
3
What is the ten thousands digit of 779961417?
6
What is the ten millions digit of 276812726?
7
What is the millions digit of 54322092?
4
What is the tens digit of 2701392?
9
What is the millions digit of 4692316278?
2
What is the units digit of 529938498?
8
What is the millions digit of 308080757?
8
What is the hundred millions digit of 1526132843?
5
What is the thousands digit of 166149407?
9
What is the millions digit of 113463270?
3
What is the millions digit of 14991551?
4
What is the units digit of 36620549?
9
What is the units digit of 40997208?
8
What is the millions digit of 192757030?
2
What is the ten thousands digit of 158578525?
7
What is the units digit of 60895311?
1
What is the ten millions digit of 441264374?
4
What is the hundred thousands digit of 5697587?
6
What is the hun